 factor of 1010 and 20?
10
What is the highest common factor of 12 and 45?
3
What is the greatest common factor of 60 and 108?
12
Calculate the greatest common factor of 8 and 152.
8
What is the highest common divisor of 24 and 5056?
8
What is the highest common factor of 15390 and 190?
190
What is the highest common factor of 169 and 312?
13
Calculate the greatest common factor of 1090 and 20.
10
What is the greatest common divisor of 6 and 9?
3
Calculate the greatest common factor of 6 and 1812.
6
Calculate the highest common factor of 7 and 12.
1
Calculate the greatest common factor of 22 and 9.
1
Calculate the highest common factor of 8 and 68.
4
What is the greatest common divisor of 77 and 308?
77
Calculate the greatest common divisor of 56 and 6524.
28
What is the highest common factor of 10524 and 8?
4
What is the greatest common divisor of 141 and 3?
3
What is the highest common factor of 435 and 957?
87
What is the greatest common factor of 1302 and 155?
31
Calculate the highest common divisor of 2975 and 200.
25
What is the greatest common divisor of 6350 and 50?
50
Calculate the greatest common divisor of 22 and 176.
22
Calculate the highest common factor of 165 and 375.
15
Calculate the greatest common divisor of 285 and 323.
19
What is the greatest common divisor of 90 and 936?
18
Calculate the highest common divisor of 3008 and 47.
47
Calculate the highest common factor of 16 and 2.
2
What is the greatest common factor of 1504 and 32?
32
What is the highest common divisor of 52 and 221?
13
Calculate the greatest common divisor of 298 and 4619.
149
Calculate the greatest common factor of 125 and 7775.
25
What is the highest common divisor of 48 and 1072?
16
What is the greatest common factor of 48 and 1293?
3
What is the highest common divisor of 122 and 79666?
122
Calculate the greatest common divisor of 520 and 13.
13
Calculate the greatest common factor of 208 and 546.
26
Calculate the highest common divisor of 44 and 2112.
44
Calculate the highest common factor of 2840 and 40.
40
Calculate the highest common divisor of 22474 and 34.
34
Calculate the greatest common divisor of 417 and 9.
3
Calculate the highest common divisor of 82 and 68798.
82
What is the greatest common factor of 3774 and 306?
102
What is the highest common factor of 483 and 391?
23
What is the greatest common divisor of 2 and 33?
1
What is the greatest common divisor of 11 and 25729?
11
Calculate the greatest common divisor of 275 and 22.
11
What is the highest common divisor of 380 and 340?
20
Calculate the highest common factor of 24 and 6.
6
Calculate the highest common divisor of 2618 and 56.
14
What is the greatest common divisor of 144 and 1472?
16
Calculate the greatest common divisor of 1719 and 1337.
191
Calculate the highest common divisor of 3084 and 156.
12
What is the greatest common factor of 29 and 1421?
29
Calculate the greatest common factor of 16 and 8.
8
What is the greatest common factor of 2525 and 1212?
101
What is the greatest common divisor of 36 and 204?
12
What is the greatest common factor of 143 and 198?
11
What is the highest common factor of 48507 and 37?
37
Calculate the greatest common factor of 58825 and 650.
325
What is the greatest common factor of 12 and 1472?
4
Calculate the greatest common divisor of 32 and 2528.
32
Calculate the greatest common divisor of 25 and 5320.
5
Calculate the greatest common divisor of 4204 and 4.
4
Calculate the highest common factor of 126 and 360.
18
What is the highest common divisor of 33 and 31009?
11
What is the highest common factor of 240 and 2320?
80
What is the highest common divisor of 82 and 2624?
82
What is the highest common divisor of 855 and 6?
3
What is the greatest common divisor of 611 and 13?
13
Calculate the greatest common divisor of 259 and 777.
259
What is the greatest common factor of 336 and 96?
48
Calculate the greatest common divisor of 6631 and 133.
19
Calculate the highest common factor of 8077 and 369.
41
Calculate the greatest common factor of 11 and 77.
11
Calculate the greatest common factor of 18 and 726.
6
Calculate the highest common factor of 8 and 8696.
8
Calculate the highest common factor of 650 and 208.
26
Calculate the greatest common factor of 2 and 1262.
2
What is the highest common factor of 442 and 612?
34
What is the highest common divisor of 180 and 96?
12
What is the highest common factor of 93 and 310?
31
Calculate the greatest common divisor of 84 and 1365.
21
Calculate the greatest common factor of 11 and 180532.
11
What is the highest common factor of 572 and 208?
52
Calculate the highest common factor of 39 and 4940.
13
What is the highest common divisor of 144 and 18?
18
What is the greatest common factor of 490 and 90?
10
What is the highest common factor of 1056 and 1122?
66
Calculate the highest common divisor of 13 and 676.
13
Calculate the greatest common factor of 345 and 1185.
15
Calculate the highest common factor of 776 and 16.
8
What is the greatest common factor of 230 and 7222?
46
Calculate the greatest common factor of 184 and 40.
8
Calculate the greatest common divisor of 64 and 160.
32
Calculate the greatest common factor of 106 and 477.
53
What is the highest common factor of 38 and 418?
38
What is the greatest common factor of 7310 and 172?
86
Calculate the highest common divisor of 9 and 261.
9
What is the greatest common factor of 143 and 11583?
143
What is the highest common factor of 4 and 9102?
2
Calculate the greatest common divisor of 39 and 1625.
13
Calculate the greatest common divisor of 6902 and 1666.
238
What is the highest common divisor of 1008 and 288?
144
What is the highest common factor of 8040 and 600?
120
Calculate the greatest common divisor of 243 and 1.
1
What is the highest common divisor of 108 and 54?
54
What is the greatest common divisor of 208 and 39?
13
Calculate the highest common factor of 5 and 180.
5
Calculate the highest common factor of 1517 and 164.
41
Calculate the greatest common divisor of 34997 and 79.
79
What is the greatest common divisor of 65 and 169?
13
Calculate the highest common divisor of 56 and 518.
14
What is the highest common factor of 18760 and 168?
56
What is the highest common factor of 108 and 276?
12
What is the highest common divisor of 125 and 35?
5
What is the greatest common divisor of 2072 and 16?
8
What is the greatest common factor of 1351 and 386?
193
Calculate the greatest common divisor of 24 and 1500.
12
Calculate the greatest common factor of 70 and 37870.
70
What is the highest common divisor of 42 and 29253?
21
Calculate the highest common divisor of 168 and 1218.
42
What is the greatest common factor of 8 and 1192?
8
Calculate the greatest common factor of 2919 and 105.
21
Calculate the greatest common divisor of 5730 and 20.
10
What is the greatest common divisor of 238 and 112?
14
What is the highest common factor of 45 and 5?
5
Calculate the highest common divisor of 29 and 87.
29
Calculate the greatest common divisor of 309 and 721.
103
What is the greatest common factor of 31 and 1519?
31
Calculate the greatest common factor of 931 and 7.
7
Calculate the greatest common divisor of 3024 and 21.
21
What is the highest common divisor of 1918 and 42?
14
What is the greatest common divisor of 10 and 10370?
10
What is the highest common divisor of 299 and 26?
13
Calculate the highest common factor of 14 and 1134.
14
What is the highest common divisor of 35 and 70?
35
What is the highest common factor of 162 and 126?
18
What is the highest common factor of 5334 and 168?
42
Calculate the greatest common divisor of 98 and 539.
49
Calculate the greatest common factor of 1537 and 58.
29
Calculate the greatest common factor of 836 and 44.
44
What is the greatest common divisor of 28 and 238?
14
What is the greatest common divisor of 518 and 14?
14
What is the highest common factor of 5436 and 108?
36
Calculate the greatest common divisor of 1392 and 1536.
48
What is the highest common divisor of 129 and 301?
43
What is the highest common divisor of 120 and 295?
5
Calculate the greatest common divisor of 370 and 1770.
10
Calculate the highest common divisor of 1408 and 896.
128
What is the highest common factor of 32 and 736?
32
Calculate the greatest